the units digit of l(-5)?
1
Suppose -n + 317 = 2*r, 468 = 5*r - 2*r + 3*n. Let m = r + 13. What is the units digit of m?
4
Suppose 153 = 5*h + 143. Suppose -189 - 45 = h*r. Let y = r - -131. What is the tens digit of y?
1
What is the ten thousands digit of (-30)/12*(-5546 + 8)?
1
Let t = -54 - -166. Let r(q) = -q**2 + 39*q + 343. Let d be r(47). Let a = d + t. What is the tens digit of a?
7
What is the tens digit of ((-15463577)/(-1268))/((-2)/(-8))?
8
Let h(b) be the second derivative of -4*b**3/3 + 189*b**2/2 + 15*b. What is the tens digit of h(21)?
2
Suppose -15 = -4*c + 5. Suppose -c*k + 37 = 4*u, -4*u + 27 = k - 6*k. Suppose u*r - 197 = 219. What is the units digit of r?
2
Let n = -31540 + 58397. What is the hundreds digit of n?
8
Suppose y + 76*p - 73*p - 25994 = 0, -15 = -5*p. What is the tens digit of y?
8
Suppose 0 = 8*s - 6*s - 128. Let d = 138 + -28. Let z = s + d. What is the tens digit of z?
7
Let y(l) = l**3 - 6*l**2 - l + 10. Let i be y(5). Let z = 171 + i. What is the hundreds digit of z?
1
Let z = 70114 + -37649. What is the thousands digit of z?
2
Let h = 2872 - 973. What is the tens digit of h?
9
Suppose 376*q = 479*q - 1724838. What is the ten thousands digit of q?
1
Suppose 3*u + 3*h - 68 = -23, 0 = -4*h + 12. What is the units digit of u?
2
Let s(z) = -1. Let p(x) = 2*x + 16. Let d(r) = -p(r) - 6*s(r). Let j be d(-6). Suppose -b + 0*i - 10 = -4*i, 3*i = j*b. What is the units digit of b?
6
What is the units digit of 82 - 82 - (-13209 - (1 - (0 - 0)))?
0
Suppose 69*t - 7421000 = -112*t. What is the hundreds digit of t?
0
Let x = 83985 - 40032. What is the thousands digit of x?
3
Suppose -137*c + 111*c + 11362 = 0. What is the units digit of c?
7
Suppose 3*s - 52116 - 5379 = -6645. What is the units digit of s?
0
Let h = -9979 + 12437. What is the units digit of h?
8
Let a = 49 - 423. Let i = 16 - a. What is the units digit of i?
0
Let n = 200 + -207. What is the units digit of 6/27 - (34244/18)/n?
2
Let b(w) = w**2 - 1. Let l be b(-2). Suppose -4*h = -l*h - 151. What is the tens digit of h?
5
Suppose 0 = 9*m - 0*m + 612. Let z = m + 74. Suppose z*a = 365 - 35. What is the tens digit of a?
5
Let v(j) = 4*j**2 - 2*j + 4. Let f(q) = q**3 - 11*q**2 + 19*q - 7. Let m be f(9). Let l be v(m). Suppose -19*u + 600 = -l*u. What is the hundreds digit of u?
2
Suppose 9*l - 219834 = 93524 + 35023. What is the tens digit of l?
0
Suppose 3*n - 2*v - 23 = 0, -5*n - v + 2*v = -29. Suppose -1266 + 96 = -n*p. What is the hundreds digit of p?
2
Let i be (-9)/(198/(-4)) + (-18)/(-22). What is the hundreds digit of (-10 + 9 + 2)*(i + 1046)?
0
Suppose 4*y - 4 = -4*n, -3*n + 7*y - 9 = -2*y. Let t be ((1 - -1) + 2)*1. Suppose 1060 = 4*w - n*w - t*m, -1334 = -5*w + 2*m. What is the tens digit of w?
6
Let p be ((-576)/48)/(3/(3/2)). What is the units digit of (2175/58)/((-1)/p)?
5
Let g(i) = -4*i + 25. Let r be g(6). Suppose 6*v = 7*v + r. What is the tens digit of v + (9/(-3) - -54)?
5
Suppose 1565266 + 1135233 = 167*x - 376142. What is the ten thousands digit of x?
1
Let f(h) = 4*h**2 - 71*h - 653. What is the units digit of f(-64)?
5
Let b(r) = r**2 - 2*r + 14. Let l(k) = -k + 20. Let q be l(14). Suppose x + q + 0 = 0. What is the units digit of b(x)?
2
Suppose -5*y = -9 - 11. Suppose -8 = -f - 2*h, 5*h - y = 4*f - 10. Suppose 0 = f*s - 7*s + 5*t + 496, -5*s + t = -790. What is the units digit of s?
7
Let u(q) = 23*q + 39. Let s = 0 - -5. What is the units digit of u(s)?
4
Let u = -2692 + 6475. Suppose q = 3*g - 7*g + 957, 4*q + g - u = 0. What is the tens digit of q?
4
Let y(n) = 6*n**2 + 52*n**3 + 3*n**2 - 7*n**2 + 3*n + n - 4. What is the units digit of y(1)?
4
Let m be (-1)/((4 - 5)/(-2)). Let w be m/(-3)*297/22. What is the units digit of 2/(w/96*4/6)?
2
What is the tens digit of (-10587)/(-4) - (90/108)/((-20)/6)?
4
Suppose -156 + 160 = 2*w. Suppose w*n = -n + s - 615, -4*s = -n - 216. Let f = -41 - n. What is the units digit of f?
3
Suppose 264*c - 60*c = -34*c + 8371174. What is the tens digit of c?
7
Suppose 5*r + 3*m = -5463 + 18288, -4*r = 2*m - 10262. What is the tens digit of r?
6
Let m(z) = -55*z**3 + 7*z**2 - 34*z - 184. What is the thousands digit of m(-5)?
7
Suppose 0 = -5*v + 2*n + 1, -4*v + 7*v + 5*n - 13 = 0. Suppose -7 = -5*b - w + v, -3*w = 5*b - 4. What is the units digit of b?
2
Let b(c) = -1216*c + 455. What is the thousands digit of b(-6)?
7
Let p = -42497 - -111636. What is the ten thousands digit of p?
6
Let t(r) = -r**3 - 6*r**2 - r - 5. Let w be t(-6). Suppose -n + 1 = -w. Suppose n*u - 153 = -u. What is the units digit of u?
1
Let s(x) be the first derivative of -3*x**4/4 - 3*x**2/2 - 5*x + 583. Suppose -8*w - 10 = -3*w. What is the units digit of s(w)?
5
Let k be 20/2*(-5621)/(-22). Suppose 2*w - k = -3*w. What is the units digit of w?
1
Let u(y) = y - 4*y - 50*y**2 + 29*y**2 + 13. Let d be u(3). Let v = 379 + d. What is the hundreds digit of v?
1
Suppose 13*b = 6*b. Suppose b = -12*g - 82 - 158. Let l = g - -99. What is the tens digit of l?
7
Suppose 0 = -44*s + 55928 + 10430 + 90634. What is the hundreds digit of s?
5
Let a(b) = -2*b**2 - 2*b. Let s be a(-5). Let g = 31 - s. Suppose 320 - g = 3*t. What is the tens digit of t?
8
Suppose 192981 = 28*t + 29741. What is the tens digit of t?
3
Suppose -2*p + 3*p - 9345 = -a, 28047 = 3*a + 5*p. What is the hundreds digit of a?
3
Let d(v) be the first derivative of v**3/3 + 15*v**2/2 + 41*v - 140. What is the tens digit of d(-26)?
2
Suppose 0 = -3*c + 339 - 105. Let w = 78 - c. Suppose w*k - k = 1, t - 3*k = 38. What is the units digit of t?
5
Suppose 3*s - k = 1293, 4*k - 341 = -s + 129. What is the hundreds digit of s?
4
Suppose -670939 + 82491 = -115*j + 3*j. What is the tens digit of j?
5
Let d = 82300 + -50725. What is the units digit of ((-1)/(-5))/(3 - 94710/d)?
1
What is the tens digit of (275 + -54765)*(-4)/5?
9
Let y be (13/3)/(16/288). Let l = y + -78. Suppose -5*w + 2*w + 75 = l. What is the tens digit of w?
2
What is the tens digit of (-20)/(-180) + 54755/9?
8
Let i be (-2)/8*503*(7 - 11). Suppose 4*g - 5*u = 640, -2*u + i = 3*g - 0*u. What is the units digit of g?
5
Let k(w) = 20*w**2 - w + 1. Let h be k(-2). Let z be (-17)/(-306) - 34/(-36). What is the units digit of (h - (z + 0))/1?
2
What is the thousands digit of (-31461)/(-5) + (-134)/670?
6
Suppose -25*l + 67142 = -89058. What is the tens digit of l?
4
Let j(r) = 6643*r**2 - 3*r - 5. What is the units digit of j(-1)?
1
Suppose 0 = z - 4*h + 179, -3*h + 214 + 287 = -3*z. Let m = 1393 + z. What is the units digit of m?
0
Let z = 2552 + 287. What is the tens digit of z?
3
Let j(o) = 1122*o - 5. Let f be j(1). Suppose -199 = 6*i - f. What is the hundreds digit of i?
1
What is the hundreds digit of (3196/(-51))/47*(-50637)/4?
8
Let l(t) = t**2 + 12*t - 43. Let w be l(3). Suppose 4*j - 2*x + 4*x - 2298 = 0, 1161 = w*j - 3*x. What is the hundreds digit of j?
5
Let n = -9 - -11. Let c be 10/n*(-14 - -13). Let z = 82 - c. What is the tens digit of z?
8
What is the tens digit of (-8*(-9)/(-18))/((-24)/7146)?
9
Let o(z) = -52*z - 34. Let y be (-1)/(1/16) + (-106)/53. What is the hundreds digit of o(y)?
9
Suppose 0 = -3*h - 2*n + 77542, 2*n + 44796 = -5*h + 174022. What is the ten thousands digit of h?
2
Let x = -371 + -59. Let y = 720 + x. What is the hundreds digit of y?
2
Let j(d) = 59*d - 356. Let q be j(6). Suppose -s = 2*s + 960. What is the units digit of (s/q)/((-7)/(-7))?
0
Let k = 760 - 291. Suppose -5*s + 0*q - q + k = 0, -s - 2*q + 92 = 0. What is the tens digit of s?
9
Let b be (0 - -1)*(-6 + 7). Let l be (-105)/(-14) + b/(-2). Suppose 10*p = l*p + 96. What is the tens digit of p?
3
Let z(f) = -6074*f + 6943. What is the tens digit of z(-9)?
0
Let o = 461 - 459. Suppose 745 = 2*a - o*f - 905, 2*f = 4*a - 3304. What is the units digit of a?
7
Suppose -4*t + 20 = -14*t. Let m(x) = 71*x**2 + 4*x + 3. Let l be m(t). Let s = l + -193. What is the tens digit of s?
8
Suppose -10 = -2*a - 2*a - 2*d, 5*d - 1 = -2*a. Suppose -y = y + 3*b - 15, a*y - 2*b - 16 = 0. Suppose y*k - 4*k = 100. What is the units digit of k?
0
Let p = 12970 - 4124. What is the hundreds digit of p?
8
Let a be -12 + (-1210)/(-99) + (-40)/18. What is the hundreds digit of 3 + (a + 657/12)*12?
6
Let g = 18638 - 13191. What is the t